ime factors of 496977535?
5, 99395507
What are the prime factors of 193003915?
5, 13, 71, 3217
List the prime factors of 53778158.
2, 7, 97, 199
What are the prime factors of 34808463?
3, 491, 7877
What are the prime factors of 8566434?
2, 3, 71, 6703
List the prime factors of 58258470.
2, 3, 5, 181, 10729
List the prime factors of 81531251.
23, 3544837
What are the prime factors of 72983480?
2, 5, 47, 38821
List the prime factors of 102866897.
7, 31, 109, 4349
List the prime factors of 124599664.
2, 7, 17, 31, 2111
What are the prime factors of 106283529?
3, 11, 23, 15559
List the prime factors of 36014122.
2, 18007061
What are the prime factors of 1036793504?
2, 83, 390359
List the prime factors of 1483418332.
2, 11, 33714053
List the prime factors of 34201286.
2, 7, 2442949
List the prime factors of 23943876.
2, 3, 11, 19, 9547
List the prime factors of 113619552.
2, 3, 1183537
What are the prime factors of 65999385?
3, 5, 1466653
What are the prime factors of 244993398?
2, 3, 13, 907, 3463
List the prime factors of 10944824.
2, 11, 277, 449
List the prime factors of 15862530.
2, 3, 5, 17, 19, 1637
What are the prime factors of 39647698?
2, 29, 31, 22051
List the prime factors of 151867861.
151867861
List the prime factors of 843510144.
2, 3, 2196641
What are the prime factors of 39940310?
2, 5, 17, 103, 2281
What are the prime factors of 6255533400?
2, 3, 5, 19, 31, 571
What are the prime factors of 184297643?
23, 8012941
List the prime factors of 368047196.
2, 11, 23, 363683
What are the prime factors of 490615336?
2, 1153, 53189
List the prime factors of 3795101259.
3, 1265033753
What are the prime factors of 7070842?
2, 3535421
What are the prime factors of 3449651656?
2, 11, 39200587
What are the prime factors of 6752547?
3, 23, 32621
What are the prime factors of 5838959?
7, 834137
List the prime factors of 35343205.
5, 43, 164387
What are the prime factors of 185153672?
2, 11, 2104019
List the prime factors of 4506141878.
2, 7, 19, 83, 204101
List the prime factors of 289931295.
3, 5, 41, 89, 5297
What are the prime factors of 23658586?
2, 7, 211, 8009
What are the prime factors of 894945372?
2, 3, 19, 109, 36011
What are the prime factors of 1383186972?
2, 3, 23, 127, 39461
List the prime factors of 2067393175.
5, 661, 125107
What are the prime factors of 276101613?
3, 157, 195401
List the prime factors of 114954124.
2, 373, 77047
What are the prime factors of 70759809?
3, 41, 113, 1697
What are the prime factors of 74335677?
3, 13, 1906043
What are the prime factors of 27471581?
151, 181931
List the prime factors of 2708488664.
2, 7, 48365869
List the prime factors of 1246210203.
3, 7, 59343343
What are the prime factors of 579800805?
3, 5, 38653387
What are the prime factors of 242842063?
37, 487, 13477
What are the prime factors of 2529839498?
2, 521, 2427869
What are the prime factors of 307863759?
3, 7, 31, 472909
What are the prime factors of 2624689733?
157, 163, 102563
What are the prime factors of 1947544411?
1217, 1600283
What are the prime factors of 7258110?
2, 3, 5, 23, 67, 157
List the prime factors of 479826490.
2, 5, 11, 13, 53, 487
List the prime factors of 123102403.
131, 939713
List the prime factors of 3837806557.
13, 107, 2759027
What are the prime factors of 1084729120?
2, 5, 6779557
List the prime factors of 6436514875.
5, 7, 47, 156511
List the prime factors of 350636161.
37, 9476653
What are the prime factors of 1017167075?
5, 83, 490201
What are the prime factors of 272203175?
5, 1279, 8513
What are the prime factors of 104265562?
2, 52132781
List the prime factors of 73307255.
5, 7, 149, 14057
List the prime factors of 319721583.
3, 106573861
List the prime factors of 761842017.
3, 9405457
List the prime factors of 2101023381.
3, 700341127
What are the prime factors of 1577567817?
3, 7, 25040759
What are the prime factors of 602597077?
97, 347, 17903
List the prime factors of 913912353.
3, 109, 197, 4729
List the prime factors of 905865903.
3, 79, 599, 709
What are the prime factors of 2613807967?
317, 8245451
List the prime factors of 929028709.
7, 113, 1174499
List the prime factors of 444634127.
7, 63519161
What are the prime factors of 42404175?
3, 5, 11, 5711
What are the prime factors of 333314525?
5, 461, 28921
List the prime factors of 1940248522.
2, 17, 31, 1840843
What are the prime factors of 79252431?
3, 823, 32099
What are the prime factors of 475017699?
3, 13, 12179941
What are the prime factors of 4130368380?
2, 3, 5, 199, 115309
What are the prime factors of 51436937?
51436937
What are the prime factors of 2690795383?
947, 1237, 2297
What are the prime factors of 20527055?
5, 653, 6287
List the prime factors of 1084563889.
1084563889
What are the prime factors of 6391998562?
2, 31, 103096751
What are the prime factors of 198735411?
3, 7, 47, 271, 743
List the prime factors of 324391790.
2, 5, 17, 151, 12637
List the prime factors of 392572459.
2909, 134951
List the prime factors of 336911688.
2, 3, 4679329
List the prime factors of 299646682.
2, 19, 31, 254369
List the prime factors of 1346773794.
2, 3, 101, 283, 7853
List the prime factors of 144767116.
2, 13, 271, 10273
What are the prime factors of 2144718680?
2, 5, 13, 4124459
What are the prime factors of 122013545?
5, 24402709
What are the prime factors of 82955875?
5, 769, 863
List the prime factors of 2480572723.
113, 21951971
What are the prime factors of 131399919?
3, 7, 17, 1031
What are the prime factors of 3997473?
3, 1332491
List the prime factors of 6334126.
2, 1471, 2153
What are the prime factors of 6499660671?
3, 7, 53, 648863
What are the prime factors of 25338822?
2, 3, 457, 9241
List the prime factors of 1124108999.
13, 86469923
List the prime factors of 69896129.
17, 1613, 2549
List the prime factors of 67641630.
2, 3, 5, 7, 29, 383
What are the prime factors of 1035630507?
3, 461, 748829
List the prime factors of 522216997.
522216997
What are the prime factors of 5343783776?
2, 10663, 15661
What are the prime factors of 71546280?
2, 3, 5, 13, 45863
List the prime factors of 71414074.
2, 35707037
What are the prime factors of 24856792?
2, 31, 73, 1373
What are the prime factors of 182244354?
2, 3, 73, 257, 1619
List the prime factors of 1100051970.
2, 3, 5, 3457, 10607
List the prime factors of 67538804.
2, 241, 70061
What are the prime factors of 821481777?
3, 19, 23, 69623
List the prime factors of 560399827.
13, 43107679
What are the prime factors of 580935322?
2, 11, 17, 47, 33049
What are the prime factors of 154400068?
2, 1297, 29761
What are the prime factors of 116837278?
2, 43, 199, 6827
List the prime factors of 3966578105.
5, 7, 163, 695281
What are the prime factors of 1739869079?
13, 31, 73, 59141
What are the prime factors of 482740670?
2, 5, 17, 29, 97919
What are the prime factors of 25655619?
3, 11, 59, 13177
What are the prime factors of 6977722?
2, 193, 18077
List the prime factors of 451260649.
7, 9209401
What are the prime factors of 122541619?
61, 2008879
What are the prime factors of 41501758?
2, 41, 506119
List the prime factors of 73114903.
73114903
List the prime factors of 2249897771.
11, 71, 1051, 2741
List the prime factors of 339202617.
3, 13, 8697503
What are the prime factors of 99338216?
2, 2393, 5189
What are the prime factors of 295465646?
2, 7, 37, 109, 5233
What are the prime factors of 2414199?
3, 131, 6143
What are the prime factors of 170969901?
3, 17, 149, 151
What are the prime factors of 25042215?
3, 5, 11, 151771
List the prime factors of 423700974.
2, 3, 53, 444131
What are the prime factors of 481543402?
2, 163, 1477127
What are the prime factors of 483288655?
5, 19, 1871, 2719
What are the prime factors of 33689768?
2, 7, 53, 11351
List the prime factors of 154193596.
2, 38548399
List the prime factors of 53801217.
3, 19, 314627
What are the prime factors of 1074885516?
2, 3, 29857931
List the prime factors of 376724650.
2, 5, 7534493
What are the prime factors of 104631264?
2, 3, 37, 1091
What are the prime factors of 22852259?
881, 25939
What are the prime factors of 56567755?
5, 17, 665503
What are the prime factors of 633489063?
3, 211163021
List the prime factors of 45818954.
2, 199, 115123
List the prime factors of 250865896.
2, 31358237
What are the prime facto